 + 25951*b - 6. What is z(26)?
72
Let y(t) = -t**3 + 551*t**2 + 6624*t + 74340. Calculate y(563).
24
Let l(y) = 10146*y - 13299. Give l(1).
-3153
Let k(y) = -3*y**3 - 77*y**2 + 757*y + 21646. Determine k(-23).
3
Let y(v) = -57*v**2 - 88*v + 256. Determine y(2).
-148
Let r(g) = 4*g**3 - 101*g**2 - 556*g - 350. Give r(-4).
2
Let t(r) = -65095*r + 195288. Give t(3).
3
Let v(g) = g**3 - 1454*g**2 + 127*g - 184659. Give v(1454).
-1
Let u(c) = -107*c - 5946. Calculate u(-60).
474
Let m(l) = -449*l - 13939. Calculate m(-31).
-20
Let n(m) = m**3 - 50*m**2 - 145*m - 240. Give n(53).
502
Let f(v) = -70*v**3 - 7*v**2 + 72*v + 81. Determine f(-1).
72
Let t(q) = 2*q**3 - 124*q**2 + 122*q - 310. Give t(61).
-310
Let y(r) = -20*r**2 - 1421*r + 39. Determine y(-71).
110
Let p(j) = j**3 + 21*j**2 - 246*j + 55. Calculate p(-30).
-665
Let t(i) = 3*i - 262. Give t(51).
-109
Let n(m) = 7424*m - 111349. Determine n(15).
11
Let n(s) = s**3 - 8*s**2 - 716*s + 347. Determine n(31).
254
Let m(j) = 165*j**2 - 32626*j - 8663. Determine m(198).
49
Let s(y) = 328*y - 9140. Give s(28).
44
Let s(p) = p**3 + 2*p**2 + 2146*p + 13064. Calculate s(-6).
44
Let t(b) = 77*b - 466. Calculate t(5).
-81
Let t(h) = -42307*h + 550092. Calculate t(13).
101
Let o(m) = -9*m**2 + 995*m + 37958. Determine o(-30).
8
Let f(z) = 265*z**3 - 7*z**2 - 27*z + 62. Determine f(2).
2100
Let p(f) = 6431*f + 12912. Give p(-2).
50
Let p(u) = 157559*u + 27. What is p(0)?
27
Let i(l) = 77*l**3 - 2785*l**2 + 460*l - 56. Calculate i(36).
-344
Let y(v) = v**3 + 15*v**2 - 99*v - 1117. Calculate y(-17).
-12
Let u(m) = m**3 + 999*m**2 + 1861*m - 132609. Calculate u(-997).
-8
Let n(y) = 8359*y + 8349. Calculate n(-1).
-10
Let a(c) = 2135*c + 14936. What is a(-7)?
-9
Let b(m) = m**2 - 276*m + 4949. Calculate b(17).
546
Let f(b) = -b**3 + 369*b**2 - 1485*b + 97. Determine f(4).
-3
Let d(a) = 85691*a - 85697. Calculate d(1).
-6
Let o(r) = 4*r**2 + 1546*r + 56689. Calculate o(-41).
27
Let k(c) = c**2 - 348*c + 14427. Calculate k(48).
27
Let m(b) = -4*b**3 + 2*b**2 + 2*b + 28. Calculate m(0).
28
Let r(n) = -1343001*n - 30889017. Give r(-23).
6
Let p(m) = m**3 - 74*m**2 + 930*m - 134. Determine p(58).
-18
Let l(w) = 367223*w - 367215. Give l(1).
8
Let s(p) = -3*p**3 - 90*p**2 + 2751*p - 1. What is s(0)?
-1
Let n(r) = -366*r + 11135. Calculate n(31).
-211
Let o(h) = 1009742*h + 3029225. Give o(-3).
-1
Let a(c) = -c**3 + 222*c**2 - 230*c + 1888. Give a(221).
-101
Let a(d) = -d**3 - 46*d**2 + 1116*d - 2279. Give a(-64).
25
Let k(y) = -y**3 + 240*y**2 - 471*y - 1081. What is k(238)?
109
Let t(d) = -20448*d + 777011. Give t(38).
-13
Let o(t) = -t**3 - 130*t**2 + 551*t + 1985. What is o(-134)?
-25
Let g(b) = -b**3 + 235*b**2 - 918*b - 1319. Calculate g(231).
67
Let m(a) = -20*a - 441. What is m(-9)?
-261
Let o(s) = -108*s**3 - 2916*s**2 + 63*s + 1620. Calculate o(-27).
-81
Let x(c) = 95*c**2 + 1016*c - 5. Calculate x(-11).
314
Let h(x) = 6*x**3 - 210*x**2 - 9*x + 182. What is h(35)?
-133
Let y(p) = 4427*p - 495819. Calculate y(112).
5
Let s(u) = -17*u**3 + 302*u**2 + 1060*u + 1. What is s(-3)?
-2
Let g(j) = -12*j**2 - 423*j + 5250. What is g(-45)?
-15
Let w(g) = 276*g + 13427. What is w(-48)?
179
Let s(w) = 51*w**2 - 113*w + 113. What is s(2)?
91
Let m(o) = -45588*o - 2507343. Determine m(-55).
-3
Let c(l) = -777*l**2 - 10884*l + 50. Calculate c(-14).
134
Let l(s) = 45*s**3 - 3151*s**2 + 71*s - 65. Give l(70).
5
Let t(r) = -1707*r**2 - 898*r - 1793. Determine t(-2).
-6825
Let i(s) = 7*s**2 + 226*s + 45. Give i(-36).
981
Let j(f) = -2*f**3 + 136*f**2 - 116*f - 138. Determine j(67).
1068
Let b(c) = -30*c**2 - 545*c - 2448. Calculate b(-7).
-103
Let s(o) = o**2 + 195*o + 6800. Determine s(-47).
-156
Let k(r) = -35*r**2 + 1986*r + 280. Calculate k(57).
-233
Let p(j) = -4*j**2 - 3932*j - 838841. Give p(-313).
-1
Let p(c) = 2*c**3 + 23*c**2 + 118*c + 475. Determine p(-10).
-405
Let x(q) = -6319*q + 31788. Determine x(5).
193
Let v(p) = -3*p**2 - 639*p - 5731. What is v(-204)?
-223
Let b(t) = t**3 - 9*t**2 + 35040*t - 245172. Calculate b(7).
10
Let z(h) = 781*h - 8621. Determine z(11).
-30
Let q(w) = -w**3 - 7*w**2 + 51*w + 320. What is q(-12)?
428
Let j(m) = 3269*m + 1137611. What is j(-348)?
-1
Let t(h) = 289*h + 65772. Calculate t(-234).
-1854
Let d(j) = -15*j**3 - 4*j**2 + 267*j - 1067. Calculate d(4).
-1023
Let u(w) = -2*w**2 + 41152*w + 123459. What is u(-3)?
-15
Let s(g) = 3131976*g + 18791859. Determine s(-6).
3
Let a(o) = -28941*o - 752467. What is a(-26)?
-1
Let d(l) = 2*l**2 - 43*l - 864. Calculate d(36).
180
Let l(q) = 27*q**3 - 159*q**2 - 191*q + 996. Determine l(6).
-42
Let c(n) = -3*n**2 - 4316*n + 60368. What is c(14)?
-644
Let f(u) = -u**3 - 196*u**2 - 2086*u - 9443. Give f(-185).
-8
Let k(i) = -i**3 + 105*i**2 + 1395*i + 409. What is k(117)?
-644
Let o(y) = 8859*y + 1142812. Calculate o(-129).
1
Let t(d) = 3*d**2 - 5*d - 1735. Give t(-22).
-173
Let u(h) = h**2 + 2391*h - 9585. What is u(4)?
-5
Let b(x) = 3364*x + 965645. What is b(-287)?
177
Let j(z) = -z**3 - 9*z**2 + 228*z + 63. Determine j(10).
443
Let u(n) = -n**3 - 11*n**2 - 175*n - 1123. Determine u(-8).
85
Let q(g) = g**2 - 4690*g - 65917. Calculate q(-14).
-61
Let n(c) = -6*c**2 + 685*c - 7495. What is n(11)?
-686
Let p(o) = -o**2 + 130*o - 523. What is p(4)?
-19
Let n(i) = 596*i - 133. What is n(3)?
1655
Let x(u) = 14435*u + 505213. Give x(-35).
-12
Let i(s) = -s**3 + 406*s**2 + 19333*s - 11679. Give i(449).
-5
Let y(q) = -q**3 + 11*q**2 - 273*q + 2016. Determine y(8).
24
Let l(o) = o**2 + 705*o - 580510. What is l(487)?
-6
Let v(l) = 66561*l - 3793978. Determine v(57).
-1
Let r(y) = 1677*y - 128867. What is r(77)?
262
Let y(q) = -1767*q - 17636. Calculate y(-10).
34
Let h(q) = 173987*q + 2087868. Calculate h(-12).
24
Let q(o) = 2*o**2 - 646*o - 1949. Determine q(-3).
7
Let x(p) = 52*p**2 - 292*p + 569. Determine x(3).
161
Let l(x) = -x**2 - 66*x + 1059. Give l(-79).
32
Let z(t) = 19*t**3 + 117*t**2 + 14*t + 31. Determine z(-6).
55
Let a(i) = -2*i**3 - 98*i**2 - 157*i + 1457. Give a(-47).
0
Let p(j) = j**2 - 23263*j + 1554094. Give p(67).
-38
Let p(g) = 2611*g - 4739. Calculate p(2).
483
Let n(k) = 293*k**2 - 1439*k - 1906. Calculate n(6).
8
Let x(s) = 104*s**2 + 9993*s + 569. Give x(-96).
-295
Let x(v) = -26651*v - 293110. Calculate x(-11).
51
Let r(n) = -2*n**3 + 103*n**2 + 164*n - 281. What is r(53)?
-16
Let q(k) = 76*k**3 + k**2 - 86723*k + 86723. Give q(1).
77
Let c(o) = -3139627*o + 12558508. What is c(4)?
0
Let j(z) = 2*z**2 - 844*z + 5953. Give j(7).
143
Let w(s) = -22*s**2 - 3971*s + 6013. What is w(-182)?
7
Let l(d) = -12*d**2 - 5*d - 15. Determine l(5).
-340
Let k(c) = -18*c**2 + 563*c + 1487. Calculate k(-3).
-364
Let c(i) = -293*i**3 - 490*i**2 - 16*i + 1. Determine c(-2).
417
Let p(z) = 14*z**2 - 462*z - 1504. What is p(36)?
8
Let r(k) = -12*k - 3314. Give r(-126).
-1802
Let n(v) = 3890*v + 11597. Determine n(-3).
-73
Let o(z) = -z**3 + 12*z**2 - 25*z - 15. Determine o(13).
-509
Let k(l) = 7*l**3 - 60*l**2 + 27*l - 32. Give k(8).
-72
Let i(d) = -127357*d + 3311287. Give i(26).
5
Let h(x) = 144*x - 877. What is h(9)?
419
Let l(w) = 4*w**2 + 467*w + 78. What is l(-117)?
195
Let y(k) = 99014*k - 1980139. Determine y(20).
141
Let o(w) = 5*w**2 - 42*w - 834. Calculate o(18).
30
Let i(p) = p**2 - 59*p + 476. Give i(41).
-262
Let k(n) = -n**2 + 39399*n - 551386. What is k(14)?
4
Let d(u) = -u**3 - 33*u**2 + 53*u + 750. Give d(-34).
104
Let l(r) = -2145*r - 23100. Determine l(-11).
495
Let x(o) = -5012*o + 35103. Determine x(7).
19
Let q(w) = 2*w**3 + 48*w**2 - 189*w + 34. Give q(4).
174
Let o(q) = -q**3 - 141*q**2 + 4075*q + 19072. Determine o(-165).
97
Let i(r) = r**3 - 655*r**2 - 2649*r + 26. What is i(-4)?
78
Let x(j) = -j**3 - 22*j**2 + 466*j - 105. What is x(13)?
38
Let v(o) = 1450372*o - 4351109. Calculate v(3).
7
Let i(y) = 578*y - 8033. Give i(14).
59
Let b(m) = 34*m**3 + 2480*m**2 - 146*m + 67. What is b(-73)?
67
Let u(i) = -18*i**3 - 3*i**2 + 56*i - 45. Calculate u(5).
-2090
Let l(x) = x**3 + 126*x**2 - 5237*x + 1586. What is l(-159)?
-4
Let f(t) = 37*t**2 - 263*t - 1081. Give f(-4).
563
Let y(l) = -l**3 - 3*l**2 + 541*l - 2261. What is y(-27)?
628
Let r(p) = p**3 - 74*p**2 + 62*p + 746. Determine r(73).
-57
Let c(d) = -2*d**3 + 7*d*